 y?
5
Suppose 4*d = -k - 654, 2*k + k - 4*d + 2026 = 0. Let u be k/(-25) + 1/5. What is the highest common divisor of u and 3?
3
Let t = 62 + -38. Let r = 14 + -74. Let s be (8/(-10))/(4/r). Calculate the greatest common factor of s and t.
12
Suppose -2*q + 116 = 2*q. Suppose 3*n = -3*y + 270, 3*y - 396 = 4*n - 147. What is the highest common factor of q and y?
29
Let l be -2*(-36 - 6)/6. Calculate the greatest common divisor of 182 and l.
14
Let v = -244 + 362. What is the greatest common divisor of v and 2?
2
Let p(a) = -7*a - 5. Let y be p(-3). Let f = 19 - y. Suppose 5*x = 25, -4*n - f*x + 24 = -3*n. Calculate the greatest common divisor of 9 and n.
9
Let y(b) = 7*b**2 - 6*b - 12. Let o be y(-2). What is the greatest common divisor of 21 and o?
7
Let x be -3*1*4/(-6). Suppose 12*s - 2*s - 10 = 0. Let b be -2 + s - -5 - -18. What is the greatest common factor of x and b?
2
Let z = -18 + 42. Suppose -m - 3*m - z = -2*j, 5 = 5*m. What is the highest common factor of 28 and j?
14
Suppose 3*s + 3*s = 930. Suppose -s = -5*v - 45. What is the highest common factor of v and 242?
22
Let y = -270 + 273. Let s(v) = v**2 + 4*v + 4. Let f be s(-3). Calculate the greatest common factor of y and f.
1
Suppose 5*i = -4*y + 235, -81 = -4*y - 3*i + 156. What is the highest common divisor of 75 and y?
15
Let n(s) = -s**3 - 29*s**2 - 33*s - 65. Let k be n(-28). What is the greatest common factor of 25 and k?
25
Suppose -1947 + 5331 = 2*y. Calculate the highest common divisor of y and 36.
36
Suppose -2 = n, 4*v + n - 14 = -0*n. Suppose 0*p = -v*p + 8. Suppose 0 = -o + p*x + 12, 3*x - 2 = 4. Calculate the greatest common divisor of 144 and o.
16
Suppose 7*x - 560 - 679 = 0. Let g = -117 + x. Calculate the highest common divisor of 15 and g.
15
Let x = 597 + -543. Calculate the highest common factor of x and 342.
18
Suppose -3*p + f + 195 = 0, f = -5*p + 3*f + 324. Calculate the highest common divisor of p and 429.
33
Let k(z) = 96*z. Let a be k(1). What is the greatest common factor of 24 and a?
24
Let s = 91 - 82. Suppose -z + 45 = -5*r, 5*z - 80 = -s*r + 5*r. Calculate the greatest common factor of z and 8.
4
Let q be (6/(-4))/(-5*12/(-560)). Let i be 4/(-7)*833/q. What is the greatest common factor of i and 51?
17
Let r(b) = 64*b**3 - b**2 + 12*b - 12. Let x be r(1). What is the greatest common factor of 189 and x?
63
Let g(n) = n + 8. Let z be g(0). Suppose z*p = 7*p + 26. Let m be (1 - 2) + 27/1. Calculate the highest common divisor of p and m.
26
Let b be 24/(-20)*(-10)/4. Suppose 2*d + b*n - 800 = -n, d + 3*n - 402 = 0. Calculate the greatest common factor of 36 and d.
36
Let z(h) be the third derivative of h**4/24 + 7*h**3/6 - h**2. Let n be z(10). Calculate the greatest common factor of 119 and n.
17
Suppose -3*i + 282 = -3*z, -5*z = -2*i - 2*i + 371. Let q(o) = -6*o - 7. Let y be q(-3). Calculate the highest common factor of y and i.
11
Suppose -5*v - 5*o = -2*v - 6, -4*o = 5*v - 10. Suppose r + v*r = 30. Let m be (84/(-35))/((-2)/50). What is the highest common divisor of r and m?
10
Let n(w) = -w**3 + 44*w**2 + 50*w - 201. Let s be n(45). Let j(o) = 5*o**2 - 4*o - 1. Let g be j(3). Calculate the greatest common divisor of s and g.
8
Let o be 3*(0 + 1)*14. Let h(q) = -q**2 + 6*q - 4. Let c be h(3). Let d(i) = 6*i - 16. Let g be d(c). What is the greatest common factor of g and o?
14
Let c be (-3)/2*(-32)/6. Suppose c*u = 7*u + 4. What is the greatest common divisor of 12 and u?
4
Suppose 0 = -3*h - 4*f + 628, 2*h - 6*h + 4*f = -800. Suppose -4*l = 2*z - 28, -z - 5*l = -3*z + 19. What is the greatest common factor of h and z?
12
Suppose -3*b + 6*u - 9*u = -51, -4*u = -b + 27. Let s(g) = 7*g**2 - 6*g + 4. Let x be s(-5). What is the highest common divisor of b and x?
19
Let r = -12 + 12. Let f = r - -2. Suppose -l - 5*y + 29 = 0, -l = 6*y - f*y - 24. Calculate the highest common factor of 44 and l.
4
Let m(u) = -5*u**2 - u + 2. Let v be m(4). Let q = v - -126. Let t = -10 - -21. Calculate the highest common divisor of q and t.
11
Suppose 77 = -5*x + 4*w, -3*x + 5*x - 3*w = -35. Let p(t) = 2*t + 65. Let r be p(x). What is the greatest common divisor of r and 91?
13
Let d be ((4 + -4)/(-3))/(-3). Suppose -2*j - 2*j + 204 = d. Calculate the greatest common divisor of j and 17.
17
Suppose 0 = n + 3*n - 5*i - 124, -5*n + 155 = -4*i. Let b = -14 - -45. Let r be b/(2/6*3). What is the highest common divisor of n and r?
31
Suppose 0 = 3*f + 5*h - 5, 0 = 5*f + 3*h - 3. Suppose f = -2*b + 5*g + 71, 5*g - 3 = b - 46. Let o = -581 - -585. What is the greatest common factor of b and o?
4
Suppose -4*k + 5*n + 0*n = -55, 10 = 2*n. Suppose -w - 4*w + 5 = -4*c, 0 = 5*w - c - k. Let r = 3 - -7. Calculate the greatest common divisor of r and w.
5
Let u = -28 + 33. Let n = 18 - u. Calculate the greatest common factor of 104 and n.
13
Suppose -2*d + 19 = 3*g - 3*d, -d - 4 = 0. Suppose n - 6*z = -z + 45, -5*n + 199 = z. What is the highest common divisor of g and n?
5
Suppose -l + 443 = -i - 2*i, -5*l + 2202 = -2*i. What is the greatest common factor of 55 and l?
55
Let c(t) = -30*t + 84*t**2 + 18*t + 6 + 9*t + 9*t. Let v be c(-1). Calculate the greatest common divisor of v and 12.
12
Suppose 0 = -2*l + 19 - 29. Let y be 1 - (11*-5 - (l - -4)). What is the greatest common divisor of 11 and y?
11
Let s(y) = -8*y - 3. Let n be s(2). Let i = -12 - n. Suppose 2*b + 4 = 0, 26 = 4*z - b + 2*b. What is the highest common divisor of z and i?
7
Let k = -15 - -27. Let d(w) = -w**2 + 11*w + 16. Let x be d(k). Let r be x/(-4) + -3 - -16. Calculate the greatest common factor of 4 and r.
4
Let n = 36 - 101. Let u = 97 + n. Calculate the greatest common divisor of u and 8.
8
Let c be 6/(((-15)/(-10))/(1 - -18)). What is the highest common factor of 20 and c?
4
Let x(u) = 2*u**2 + 31*u + 112. Let m be x(-24). What is the highest common divisor of 65 and m?
65
Let u be 796/14 - 8/(-56). What is the highest common factor of 456 and u?
57
Let q be (4*117/(-130))/((-1)/5). Calculate the highest common divisor of q and 882.
18
Let j be (8814/(-791))/((-1)/98). What is the greatest common factor of 28 and j?
28
Let g(m) = m**3 - 3*m**2 - 3*m - 2. Let x be g(5). Let y be 242/x*((-5)/(-2) + -1). What is the greatest common divisor of 33 and y?
11
Let g = -104 - -133. Calculate the highest common divisor of g and 319.
29
Let o be (-2)/15 - (-357856)/795. Calculate the greatest common divisor of 24 and o.
6
Suppose -3*d = -3*v - 12, 92*v = 88*v - 8. Suppose 2*n - 12 = -2*x + 74, 104 = 2*x - 4*n. What is the highest common factor of d and x?
2
Let u(p) = p**3 - p**2 - 3*p + 4. Let d be u(3). Let v = -7543 + 7556. Calculate the highest common divisor of d and v.
13
Suppose 4*u - 3*u = -4*l - 16, -2*l = -u + 2. Let a be 3 + 0 + (-558)/l. Let i = -16 + 37. Calculate the greatest common factor of a and i.
21
Suppose -v = -3*v - 108. Let a be ((-200)/6)/((-1)/3). Let i = a + v. Calculate the greatest common factor of i and 23.
23
Let o(u) = -4*u - 1. Let a be o(-1). Let z be (2/(-3))/(1/6) + 5. Calculate the greatest common factor of z and a.
1
Suppose 4*x - 5*z + 8 = 0, 1 = 2*x - z - 1. Suppose v - l = 29, x*l + 71 + 44 = 4*v. Calculate the greatest common divisor of 4 and v.
4
Let c = 29 - 10. Let w(g) = g**2 - 2*g + 3. Let m be w(2). Suppose -22 + 10 = -4*t, 0 = -3*l + m*t + 48. What is the highest common factor of c and l?
19
Let a be 3192/5 + (-15)/(-25). Suppose -f + 222 = 4*n, -2*f + a = f + 3*n. Calculate the greatest common factor of f and 10.
10
Suppose -d + 1 - 5 = 0. Let v be (-2 + 10)/(d/8). Let l be (-12)/v*162*2. Calculate the greatest common factor of l and 27.
27
Let v be (8/(-28))/((-1)/7). Let a be v/(-4) - (-40)/16. Suppose 0 = -i + 3*i - a*b - 38, -3*b = 4*i - 90. What is the greatest common factor of 21 and i?
21
Let w be 4/(-5)*(-35)/14. Let o be ((-165)/w)/(-3)*112/70. Calculate the greatest common factor of 110 and o.
22
Let b = 21 + -6. Let y = 20 - b. Let a = -35 - -55. Calculate the highest common factor of a and y.
5
Suppose -5*s - 1 + 30 = -i, -2*s = 2*i - 2. Suppose -s*j = -15 - 20. Let t(o) = -5*o - 3. Let w be t(-2). Calculate the greatest common divisor of j and w.
7
Let c be 54 + -10 + 6/(-2). Let l = c - -13. Calculate the highest common divisor of 27 and l.
27
Supp